q. What are the prime factors of q?
3, 7
Suppose 10*k - 3187 = -487. What are the prime factors of k?
2, 3, 5
Let c(f) = f + 7. Let p(w) = -w**2 + 4*w + 8. Let g be p(6). Let y be c(g). Suppose 0 = -3*s, -q + 3*s - y = -2*q. What are the prime factors of q?
3
Let k be 306/12 - (-2)/(-4). Suppose 2*r - k = -3*r. Suppose -r*l + 20 = 2*g, 4*g + 12 = -8. What are the prime factors of l?
2, 3
Suppose -w = w - 32. Let u be w/(-20)*5/(-2). Suppose -u*v - 2 = -12. List the prime factors of v.
5
Suppose -4*x - 8 = 0, 5*z + 2*x - 12 = -2*x. Suppose -2 = -z*m + 26. List the prime factors of m.
7
Let x = -8 - -13. Suppose 0*q = -x*q + 25. Suppose 61 = q*t + 3*w, 4*t - 5*w = -2 + 36. List the prime factors of t.
11
Suppose -4*q - q = -10. Suppose -3*n - 2*n = -160. Suppose 5*z + f = n, -q*z = -4*z + 3*f + 6. List the prime factors of z.
2, 3
Let x = 1 - -1. Suppose -6*r + 5*w = -3*r + 22, x*w = 5*r + 24. Let g = r + 6. List the prime factors of g.
2
Suppose a - 5*x = 16, 4*a + x + 1 = 2*a. Let s be a/((-4)/(-3) - 1). Let j = s + -1. What are the prime factors of j?
2
Let o(b) = b - 6. Let v be o(9). Suppose 2*q + 1 + 15 = 2*h, v*h + 3*q = 0. What are the prime factors of h?
2
Let i(v) = -3*v + 2*v**2 + 3 - 3*v**2 + 2*v**2. Let m be i(-3). Let y = m - 11. List the prime factors of y.
2, 5
Suppose -3*k = y + 17 - 50, 4*k - 16 = 0. List the prime factors of ((-40)/6)/((-7)/y).
2, 5
List the prime factors of (-4)/20 + (-82)/(-10).
2
Suppose 2*a - 10 = -h, 2*a = -3*h + 11 - 1. Suppose -5*p = -0 - a. Let x = p - -4. List the prime factors of x.
5
Let j = 7 - 4. Suppose 3 = s, j*g + 2*s - 60 = -s. What are the prime factors of g?
17
Suppose 2*a = 5*n + 2, -4*n - 5 = -4*a - a. What are the prime factors of a + 55 - (9 + -5)?
2, 13
Suppose 0 = -z + 17 - 13. List the prime factors of z.
2
Let a = -12 + 17. Suppose -9 + 4 = -a*k. Let y = 4 - k. List the prime factors of y.
3
Let x = -14 - -12. Suppose 4*j - 36 = -j - 2*k, -20 = -3*j - 2*k. Let i = x + j. List the prime factors of i.
2, 3
Let a = 6 - 5. What are the prime factors of (-8)/((a - -1)*-1)?
2
Suppose 4*r - 2*r - 6 = 0. Let s = r + 13. List the prime factors of s.
2
Suppose 4*p = -32 + 400. List the prime factors of p.
2, 23
Suppose -2 + 27 = 5*m. Suppose m*b = -9 + 29. Suppose 4*o + g = 12, 3*o = b*o - g - 3. What are the prime factors of o?
3
Suppose 5*d - 338 + 23 = 0. Let h = d - 24. What are the prime factors of h/12 - (-1)/(-4)?
3
Let x = -28 + 53. Suppose 0 = -5*d + 5*i - 25, -5*d - 20 = -2*i + 20. Let g = x + d. List the prime factors of g.
3, 5
Suppose -2*s - 11 = -3. List the prime factors of 5/(10/s) - -6.
2
Suppose -4*o - 15 = -9*o. Suppose 4*j + 5*t = o*t + 120, -4*j + 5*t = -106. List the prime factors of j.
29
Suppose 5*s - 23 = -8. Suppose 4*z = -4*f + 68, -30 = -s*f - 2*z + 16. What are the prime factors of f?
2, 3
Let u(n) = -n**3 + 12*n**2 - 9*n - 11. Suppose -8 + 6 = -x. Let b be (x + 0)*(-11)/(-2). What are the prime factors of u(b)?
11
List the prime factors of (-198)/(-24) + 6/8.
3
Suppose 0 = 4*n - 2*n - 12. Suppose -4*o + 64 = -0*j + 4*j, -5*o + 20 = j. Suppose -5*p + 29 = -4*u + n*u, 3*p = j. List the prime factors of u.
2
Suppose 5*w = -2 + 7. Let j = w + 11. What are the prime factors of j?
2, 3
Let a(q) = -q**3 + 4*q**2 - 3*q + 2. Suppose -3*n = -n - 6. Let u be a(n). Suppose 2 = 2*p - u. List the prime factors of p.
2
Suppose -5*r + 15 = -4*r - 4*j, 0 = -4*r - 2*j + 6. Suppose -2*g + 2*q + 116 = g, r*g = 4*q + 118. What are the prime factors of g?
2, 19
Suppose 0 = -5*w - 0*w. Suppose 2*k - 34 = -w*k. What are the prime factors of k?
17
Let c(a) = -a**3 - a**2 + 5*a - 7. List the prime factors of c(-5).
2, 17
Suppose -3*k - 5*z - 20 = 35, 2*z = -5*k - 60. Let r = k - -17. Suppose 5*y - y = 3*f - 27, -r = f + 4*y. List the prime factors of f.
5
Suppose -4*m + 4 = -4. Suppose 70 = m*w + 4*l, 9*l = 4*l + 10. List the prime factors of w.
31
Let p(u) be the second derivative of -u**4/12 - 7*u**3/6 + 3*u**2/2 - 2*u. List the prime factors of p(-6).
3
Let m = 117 + -63. What are the prime factors of m?
2, 3
Let a = -12 + 14. Suppose -3*k + 12 = 0, 9*y = 4*y - a*k + 73. What are the prime factors of y?
13
Let c(f) = f**3 + 9*f**2 - 4*f - 7. What are the prime factors of c(-8)?
89
Suppose 5*v = 207 - 17. Suppose -v = -4*o - 6. List the prime factors of o.
2
Let l be 2 - 2/1*-1. Suppose 5*z + 10 = -l*n - 0, 5*z = -n - 10. Suppose -5 = w - 0, n = 5*m - 4*w - 55. What are the prime factors of m?
7
Suppose r = -3*j + 6, 3*r - 6*j = -2*j + 31. What are the prime factors of r?
3
Let c = -28 + 61. What are the prime factors of c?
3, 11
Let k be ((-4)/10)/(2/(-20)). Suppose -5*i + 30 = 4*u, 30 = k*u - 2*u - 5*i. What are the prime factors of u?
2, 5
What are the prime factors of (-154)/(-4)*(-11 - -13)?
7, 11
Let b(u) = 13*u - 7. Let m(f) = f**3 + 7*f**2 + 7*f + 9. Let v be m(-6). List the prime factors of b(v).
2
Let h(w) = -9*w - 10. Let t be h(-7). Suppose -3*l + o + 26 = 0, 5*l - 2*o - t = -10. Let c = -3 + l. List the prime factors of c.
2, 3
Suppose -h + 0 = 4*d - 10, d - 4*h + 6 = 0. Let c = 1 + d. Suppose 3*g + 0 = -3*m + 12, 0 = c*g + 2*m - 14. What are the prime factors of g?
2, 3
Let z(b) = b**3 + 1. Let o be (-75)/(-18) - (-2)/(-12). Let k(y) = 3*y**3 - 8*y**2 + 3*y + 6. Let f(i) = o*z(i) - k(i). List the prime factors of f(-8).
2, 11
Let i = -15 + 7. Let x be ((-27)/(-12))/((-1)/i). Suppose -4*h = -3*y - 10, -3*h - 5*y + x = -4. List the prime factors of h.
2
What are the prime factors of 3 + 1 - 6 - -47?
3, 5
Let h(a) be the second derivative of 5/12*a**4 - 1/2*a**2 - 2*a + 0 + 0*a**3. What are the prime factors of h(-1)?
2
What are the prime factors of (-1 - -3)/(6/39)?
13
Let h(s) = -s**2 + 3*s + 3. Let i be h(7). What are the prime factors of 3/5 + (-435)/i?
2, 3
Let u = -4 + 10. Let j be u/4 + 69/(-6). Let p(l) = l**2 + 8*l - 11. What are the prime factors of p(j)?
3
Suppose -18*b + 4*b = -2856. What are the prime factors of b?
2, 3, 17
Suppose 4*u + 4*q = 0, 4*q = 3*q. Suppose 2*b - 3 - 3 = 0. Suppose 4*z - h + 0*h - 51 = u, -4*z + b*h + 57 = 0. What are the prime factors of z?
2, 3
Let c = 1 + 15. List the prime factors of c.
2
Let c(v) = v + 5. Let q be c(-4). What are the prime factors of (-30)/3*-1 - q?
3
Suppose -4 = -6*g + 2. List the prime factors of 9*((-2)/(-6))/g.
3
Let h(q) = 7*q - 26. List the prime factors of h(18).
2, 5
Suppose 3*y - 2*g = 1 - 10, y + 17 = -4*g. Let w(l) = 172*l - 1. Let n be w(y). List the prime factors of 4/(-22) + n/(-77).
11
Let x be (2/1)/((-6)/(-15)). Suppose p + 2*r - 20 = -p, 4*p = x*r + 4. What are the prime factors of -6*(-3)/p - -4?
7
What are the prime factors of (2 - (-267)/9)/((-5)/(-30))?
2, 5, 19
What are the prime factors of 231 - 2 - 0/3?
229
What are the prime factors of ((-48)/(-18))/(1/42)?
2, 7
Let g = 25 + 30. Let b be 0 + 2 + -3 + 6. Suppose g = b*d + 10. What are the prime factors of d?
3
Suppose -5*k - 28 = -4*k. Let p be 42 - (0 + 2)/2. Let z = p + k. List the prime factors of z.
13
Let q(a) = 175*a**2 + 3*a + 2. What are the prime factors of q(-1)?
2, 3, 29
Suppose 0 = 2*r - 4*r + 6. Suppose 3*b = -u - 3, u = -u - r*b - 9. Let j(s) = -2*s - 2. What are the prime factors of j(u)?
2, 5
Let n be 2 - (1 - 0 - 2). Suppose n*j - 2*j - 8 = 0. What are the prime factors of j?
2
Let m(h) = h**3 + 10*h**2 + 9*h + 2. Let k be m(-9). Let o = 22 - 4. Suppose -k*y + o = y. List the prime factors of y.
2, 3
Let g(d) be the second derivative of -d**4/12 + 4*d**3/3 - 3*d**2 + 2*d. Let r be g(7). Let p = r + 2. What are the prime factors of p?
3
Let z be (130/15)/(2/3). Let a = z - 25. List the prime factors of a/(-7) + 2/7.
2
Suppose -5*d + 5*f = -0*d - 620, -3*d = 5*f - 396. What are the prime factors of d?
127
Suppose -4*n - 13 + 101 = 0. List the prime factors of n.
2, 11
Let l(h) = h**3 - 3*h**2 - 5*h - 2. Let p be l(5). Let g = 32 - p. What are the prime factors of g?
3
Let h(v) = -v**3 + 7*v**2 + 1. Let t be h(7). Suppose -29 = -3*x + t. Let w = x - 6. What are the prime factors of w?
2
Let c(z) = -9*z**2 - 15*z + 12. Let q(j) = -5*j**2 - 8*j + 6. Let g(m) = 6*c(m) - 11*q(m). List the prime factors of g(4).
2, 7
Suppose -3*k + 2*k = -4. Let u = 5 + -2. Suppose k = 5*a - u*a. List the prime factors of a.
2
Let u be ((-6)/15)